der when y is divided by f(2)?
29
Suppose -10*n = -8*n - 34. Let z = 30 + 12. Let j = 89 - z. Calculate the remainder when j is divided by n.
13
Let r(z) = -z**3 + 12*z**2 + 34*z - 7. Let c = -31 - -58. Calculate the remainder when r(14) is divided by c.
23
Let j(d) = -d**2 - 19*d + 119. Calculate the remainder when 6/4 - 410/(-4) is divided by j(-23).
23
Let w(y) = 216*y**2 - 6*y - 6. Let f be w(-1). Suppose 21*l - 12*l = f. What is the remainder when l is divided by 14?
10
Let h = 63 + -96. Calculate the remainder when 0 - 1 - (-9 + h) is divided by (-4)/(-6) + 279/27.
8
Suppose 2*v - 44*o - 154 = -40*o, 3*o + 216 = 3*v. What is the remainder when v is divided by 45?
22
Let g be 2125/102 + 1/6. Suppose g = i - 39. Suppose t + i = 4*t. Calculate the remainder when t is divided by 11.
9
Let d(q) = q**3 - 5*q**2 - 14*q + 15. Let h = -314 + 477. What is the remainder when h is divided by d(7)?
13
Suppose 4*k - 2*g = 192, 0 = -5*k + 2*g - 51 + 290. Calculate the remainder when 74 is divided by k.
27
What is the remainder when (-62)/16*-10*(38 - 26) is divided by 39?
36
Suppose -3*k - 2*p = -14 + 1, 3*k - 4*p + 17 = 0. Let z be k/1*(-5 + -2). Calculate the remainder when 62 is divided by 11 - 1 - (z - -4).
10
Let g = 2221 + -2094. What is the remainder when 632 is divided by g?
124
Let r = -106 + 111. Suppose -4*d + 94 + 172 = 3*m, r*m - 10 = 0. What is the remainder when d is divided by 11?
10
Let s(d) = 5*d + 15. Let i be s(-5). Let l(y) be the second derivative of y**3/6 + 8*y**2 + 3*y. What is the remainder when 11 is divided by l(i)?
5
Suppose j = 4, -m - 3*j + 2*j = -215. What is the remainder when m is divided by 56?
43
Let f = -20 + 15. Let c be 45/(-18)*2/f. Let s = c + 10. Calculate the remainder when 18 is divided by s.
7
Suppose -4*n + 225 = 3*h, 3*n - 5*n - 85 = -h. Calculate the remainder when h is divided by 20.
19
Let f(a) = -a**2 + 9*a + 47. What is the remainder when 62 is divided by f(12)?
7
Let j = -100 - -117. Calculate the remainder when 407 is divided by j.
16
Suppose -8*c = 7 - 167. Suppose -3*q = -2*u + 123, -43 - c = -u + 3*q. What is the remainder when u is divided by 16?
12
Suppose -4*o - 32 = -c, -4*c = c - 5*o - 100. Let i = c - 14. Calculate the remainder when 20*(5/i)/5 is divided by 6.
4
Suppose -4*w + 2*w = -58. Suppose 0 = -c, -4*i = 126*c - 130*c - 24. Calculate the remainder when w is divided by i.
5
Suppose 10*t = 12*t - 106. Let n = 90 - t. Calculate the remainder when n is divided by 13.
11
Let d(c) = 23*c. Let x(z) = -2*z - 44. Calculate the remainder when d(1) is divided by x(-26).
7
Suppose -7*k = 2*k + 270. Let h = k - -42. Calculate the remainder when h is divided by 7.
5
Let c = 797 - 774. Calculate the remainder when 282 is divided by c.
6
Suppose -3*k + 4*o + 99 = 0, -5*k + 4*o + 89 = -84. What is the remainder when k is divided by 18?
1
Let r be ((231/55)/(-7))/(2/(-190)). Suppose -3*d - 8 = -d. Calculate the remainder when 39 is divided by (-2)/8 - r/d.
11
Let d(h) = -h**3 + 10*h**2 - 21. Calculate the remainder when 598 is divided by d(9).
58
Let f(x) = -x**3 + 2*x**2 + 3*x + 3. Let q be f(3). Suppose p - q*o + 6 = -2*p, -14 = -5*p - o. What is the remainder when (p/(-5))/((-1)/65) is divided by 9?
8
Let d = 82 + -61. Calculate the remainder when 60 + -2 - (-6)/2 is divided by d.
19
Suppose 47*x + 38*x - 1955 = 0. Calculate the remainder when 66 is divided by x.
20
Let i(v) = v**2 - 9*v + 12. Let f be i(8). Let u = 90 - 80. What is the remainder when (-117)/2*f/(-6) is divided by u?
9
Let q(a) = -a**3 + 7*a**2 - 3*a + 3. Let v be (40/8)/((-1)/(-1)). Calculate the remainder when (0 - 81)*(v + -6) is divided by q(6).
18
Let z be 3/(-9) - (-16)/3. Suppose -x = -0 - z. Suppose -4*d = -0*k + 4*k - 40, k + 38 = 5*d. What is the remainder when d is divided by x?
3
Suppose 4*u = 5*t + 50, u + 5*t = 13 + 12. What is the remainder when 178 is divided by u?
13
Let r(b) = 5*b**2 + 4*b + 2. Suppose 4*z = -d + 427, 4*z - 3*d = d + 452. Suppose -2*t = 4*t - z. What is the remainder when r(-3) is divided by t?
17
Suppose 2*k - 4 = 0, -2*d = -d - k - 24. Calculate the remainder when 75 is divided by d.
23
Suppose -4*i + 155 = 5*y + i, 3*y = 2*i + 93. Calculate the remainder when y is divided by 4.
3
Let q(f) = -f + 12. Let y be 2/(-9) - 710/45. Let p = y - -24. What is the remainder when p is divided by q(9)?
2
Suppose -2*n = 2, -17 + 6 = -2*l + n. Suppose -l*k + 2*y = y - 45, -5*k + 4*y = -60. What is the remainder when 37 is divided by k?
5
Let l(r) = 45*r - 39. Calculate the remainder when 353 is divided by l(1).
5
Let q(z) = z**2 - 8*z + 10. Let g be 5 - (2 - 1) - -3. Let d be q(g). Calculate the remainder when ((-33)/(-4))/d*4 is divided by 6.
5
Suppose b - 3*n - 23 = -9, 3*n - 8 = -b. Calculate the remainder when 20 is divided by b.
9
Suppose 2*t = -4*m - 23 - 27, 8 = 2*m. Calculate the remainder when 161 is divided by ((-2)/(-4) + 1)/(t/(-902)).
38
Suppose 2*s = -2*b - 26, -2*b - 37 = 5*s + 25. Suppose -g + 8 = g. What is the remainder when g is divided by (-1 - (-2)/(-4))/(6/s)?
1
Suppose 5*w = 4*w - 3*i + 7, -3*w = -2*i - 65. Calculate the remainder when 92 is divided by w.
16
Calculate the remainder when 0 - (-34)/((-1)/(-1)) is divided by -19 - -28 - (-1)/((-4)/6)*-2.
10
Suppose -6*h + 2*h + 10 = 5*w, -3*h - 5*w = -5. Suppose h*o = -o + 72. Calculate the remainder when 71 is divided by o.
11
Let g = -2190 - -3513. What is the remainder when g is divided by 102?
99
Let s(n) = n**2 - n - 4. What is the remainder when 128 is divided by s(-5)?
24
Let x be 32/(-6)*(-3)/(-2). Let u = 16 + x. What is the remainder when 55 is divided by u?
7
Suppose 9*q - 300 - 258 = 0. Calculate the remainder when q is divided by 19.
5
Let d(x) = x**3 + 5*x**2 + 9*x + 8. Let m be d(-4). What is the remainder when 27 is divided by (-2 + 16)*m/(-21)?
3
Let s be -8*(-10 + 4)*1. Let b = -30 + s. Suppose -b = -2*r + h, -2*r + 5*h + 50 = 3*r. Calculate the remainder when 13 is divided by r.
5
Suppose -2*r + 56 = 48. Suppose 0 = r*n + 2*g - 38, -2*g = -5*n - 23 + 66. What is the remainder when 16 is divided by n?
7
Let n be (-2)/2 + 4/4. Suppose 0*p - 27 = -p - z, -4*z = n. Calculate the remainder when 107 is divided by p.
26
Let h be (-400)/12*9/6. Calculate the remainder when (-3 - h/2)*1 is divided by -2 - -2 - 6/(-1).
4
Let q = -114 + 310. What is the remainder when q is divided by 34?
26
Suppose 18*g - 23*g + 155 = 0. What is the remainder when g is divided by 21?
10
Let a(d) be the first derivative of -d**2/2 + 25*d - 10. Suppose 0 = 4*i + 2*r - 90, -2 = -i + 5*r - 7. Calculate the remainder when a(-14) is divided by i.
19
Let q(t) = -4*t + 70. Suppose -5*y = -28 - 42. Calculate the remainder when q(5) is divided by y.
8
Suppose 0 = 3*c + 167 + 64. Let t = c - -131. What is the remainder when t is divided by 19?
16
Let h(k) = k**2 - 48*k + 150. What is the remainder when 149 is divided by h(45)?
14
Let l be ((-52)/6)/(1/3). Let q = -10 - l. Calculate the remainder when q is divided by ((-78)/24 - -1)*-4.
7
Let w(b) = -b - 5. Let r be w(-6). Suppose -r = -f + 29. Let i = f + 11. Calculate the remainder when i is divided by 15.
11
Calculate the remainder when (-108)/(-16)*(3 - (-25)/5) is divided by 5.
4
Suppose 192 = 83*j - 75*j. Let p(q) be the third derivative of -q**5/60 - 3*q**4/8 + 5*q**3/6 - q**2. What is the remainder when j is divided by p(-9)?
4
Let a(o) = 11*o. Suppose -5*r + 3*r = -4. Suppose 3*x - 37 = -5*v, -2*x + 6*x + 12 = v. What is the remainder when a(r) is divided by v?
6
Let p be (-2)/((3/(-5))/(-3)). Let j(w) = -48*w + 1383. What is the remainder when j(28) is divided by 4/p - (-144)/10?
11
Suppose -11*c + 40 = -48. Calculate the remainder when 36 is divided by c.
4
Suppose -3*y + 0*y = -165. Suppose 31*f - 57 = 28*f. Calculate the remainder when y is divided by f.
17
Let c(s) = 4*s + 3. Let h(a) = a + 1. Let x(m) = -2*c(m) + 10*h(m). What is the remainder when 55 is divided by x(5)?
13
Let g = 1287 - 1251. Calculate the remainder when 56 is divided by g.
20
Let g(m) = -m**2 - 11*m - 4. What is the remainder when g(-8) is divided by 13?
7
Let b = -139 - -354. Suppose 6*n = b + 31. Calculate the remainder when 81 is divided by n.
40
Let w = -15 - -37. Let x = -19 + w. Suppose -5*t + 22 = 4*g - 1, 4*g - 2